{"id":309,"date":"2024-04-05T21:30:25","date_gmt":"2024-04-05T19:30:25","guid":{"rendered":"https:\/\/cajacordes.org.bo\/?page_id=309"},"modified":"2025-12-16T11:06:21","modified_gmt":"2025-12-16T15:06:21","slug":"declaracion-de-la-mision-vision-valores-y-principios-de-la-entidad","status":"publish","type":"page","link":"https:\/\/cajacordes.org.bo\/index.php\/declaracion-de-la-mision-vision-valores-y-principios-de-la-entidad\/","title":{"rendered":"Misi\u00f3n, Visi\u00f3n, Valores"},"content":{"rendered":"\n<p><\/p>\n\n\n\n<h2 class=\"wp-block-heading\">Misi\u00f3n<\/h2>\n\n\n\n<p class=\"has-text-align-left\">La Caja de Salud CORDES es un Ente Gestor de Salud descentralizado, con personer\u00eda jur\u00eddica de derecho p\u00fablico, autonom\u00eda de gesti\u00f3n y patrimonio propio, que otorga prestaciones en especie y dinero enmarcadas en el C\u00f3digo de Seguridad Social en los reg\u00edmenes de Enfermedad, Maternidad y Riesgos Profesionales para lograr una \u00f3ptima condici\u00f3n de salud de su poblaci\u00f3n asegurada en todo el territorio nacional<\/p>\n\n\n\n<h2 class=\"wp-block-heading\">Visi\u00f3n<\/h2>\n\n\n\n<p>Al a\u00f1o 2025, la Caja de Salud CORDES se ha constituido en el Ente Gestor modelo de la Seguridad Social de Corto Plazo<\/p>\n\n\n\n<h2 class=\"wp-block-heading\">CORDES se rige bajo los siguientes Valores:<\/h2>\n\n\n\n<ul class=\"wp-block-list\">\n<li><strong>Excelencia en el servicio<\/strong><\/li>\n\n\n\n<li>Brindar un servicio acorde a las necesidades de nuestra poblaci\u00f3n protegida, competente, \u00e1gil y oportuna.<\/li>\n\n\n\n<li><strong>Trabajo en equipo<\/strong><\/li>\n\n\n\n<li>Es el compromiso de ser efectivos trabajando juntos, para lograr los objetivos Institucionales.<\/li>\n\n\n\n<li><strong>Respeto a las personas<\/strong><\/li>\n\n\n\n<li>Valorar a todas las personas que colaboran con nosotros con sus capacidades y brindarles un trato justo a todos aquellos que necesita de nuestros servidos.<\/li>\n\n\n\n<li><strong>Calidad<\/strong><\/li>\n\n\n\n<li>Hacer las cosas bien y a tiempo para satisfacer las necesidades de salud de nuestros usuarios internos y externos.<\/li>\n\n\n\n<li><strong>Responsabilidad Social<\/strong>\u00a0<\/li>\n\n\n\n<li>Nos preocupamos e integramos con los asuntos relativos a precautelar el medio ambiente, los intereses econ\u00f3micos, sociales\u00a0\u00a0\u00a0\u00a0 \u00a0y\u00a0\u00a0\u00a0\u00a0 \u00a0culturales\u00a0\u00a0\u00a0\u00a0 \u00a0de\u00a0 nuestro\u00a0\u00a0\u00a0\u00a0 \u00a0pa\u00eds.<\/li>\n<\/ul>\n\n\n\n<figure class=\"wp-block-gallery has-nested-images columns-default is-cropped wp-block-gallery-1 is-layout-flex wp-block-gallery-is-layout-flex\"><\/figure>\n\n\n\n<p><\/p>\n","protected":false},"excerpt":{"rendered":"<p>Misi\u00f3n La Caja de Salud CORDES es un Ente Gestor de Salud descentralizado, con personer\u00eda jur\u00eddica de derecho p\u00fablico, autonom\u00eda de gesti\u00f3n y patrimonio propio, que otorga prestaciones en especie y dinero enmarcadas en el C\u00f3digo de Seguridad Social en los reg\u00edmenes de Enfermedad, Maternidad y Riesgos Profesionales para lograr una \u00f3ptima condici\u00f3n de salud [&hellip;]<\/p>\n","protected":false},"author":1,"featured_media":0,"parent":0,"menu_order":0,"comment_status":"closed","ping_status":"closed","template":"","meta":{"_acf_changed":false,"footnotes":""},"class_list":["post-309","page","type-page","status-publish","hentry"],"acf":[],"_hostinger_reach_plugin_has_subscription_block":false,"_hostinger_reach_plugin_is_elementor":false,"_links":{"self":[{"href":"https:\/\/cajacordes.org.bo\/index.php\/wp-json\/wp\/v2\/pages\/309","targetHints":{"allow":["GET"]}}],"collection":[{"href":"https:\/\/cajacordes.org.bo\/index.php\/wp-json\/wp\/v2\/pages"}],"about":[{"href":"https:\/\/cajacordes.org.bo\/index.php\/wp-json\/wp\/v2\/types\/page"}],"author":[{"embeddable":true,"href":"https:\/\/cajacordes.org.bo\/index.php\/wp-json\/wp\/v2\/users\/1"}],"replies":[{"embeddable":true,"href":"https:\/\/cajacordes.org.bo\/index.php\/wp-json\/wp\/v2\/comments?post=309"}],"version-history":[{"count":17,"href":"https:\/\/cajacordes.org.bo\/index.php\/wp-json\/wp\/v2\/pages\/309\/revisions"}],"predecessor-version":[{"id":19045,"href":"https:\/\/cajacordes.org.bo\/index.php\/wp-json\/wp\/v2\/pages\/309\/revisions\/19045"}],"wp:attachment":[{"href":"https:\/\/cajacordes.org.bo\/index.php\/wp-json\/wp\/v2\/media?parent=309"}],"curies":[{"name":"wp","href":"https:\/\/api.w.org\/{rel}","templated":true}]}}